{"id":3648,"date":"2022-04-29T09:57:02","date_gmt":"2022-04-29T09:57:02","guid":{"rendered":"http:\/\/www.blau-weiss-meer.de\/wordpress\/?page_id=3648"},"modified":"2023-08-29T21:03:07","modified_gmt":"2023-08-29T21:03:07","slug":"sponsoren","status":"publish","type":"page","link":"https:\/\/www.blau-weiss-meer.de\/wordpress\/sponsoren\/","title":{"rendered":"Sponsoren"},"content":{"rendered":"\n<p>Hier finden Sie all unsere Sponsoren:<\/p>\n\n\n<div class=\"wp-block-image\">\n<figure class=\"aligncenter size-full\"><a href=\"http:\/\/www.tennis-lehrer.com\"><img loading=\"lazy\" decoding=\"async\" width=\"336\" height=\"311\" src=\"https:\/\/www.blau-weiss-meer.de\/wordpress\/wp-content\/uploads\/2021\/03\/cropped-bwmeer-beitrag-2.jpg\" alt=\"\" class=\"wp-image-2989\" srcset=\"https:\/\/www.blau-weiss-meer.de\/wordpress\/wp-content\/uploads\/2021\/03\/cropped-bwmeer-beitrag-2.jpg 336w, https:\/\/www.blau-weiss-meer.de\/wordpress\/wp-content\/uploads\/2021\/03\/cropped-bwmeer-beitrag-2-300x278.jpg 300w\" sizes=\"auto, (max-width: 336px) 100vw, 336px\" \/><\/a><\/figure><\/div>\n\n\n<p><\/p>\n\n\n\n<p><\/p>\n\n\n\n<figure class=\"wp-block-image size-large is-resized\" id=\"https:\/\/egu-neuss.de\/\"><a href=\"https:\/\/www.blau-weiss-meer.de\/wordpress\/wp-content\/uploads\/2022\/06\/Logo-EGU-Internet.png\"><img loading=\"lazy\" decoding=\"async\" src=\"https:\/\/www.blau-weiss-meer.de\/wordpress\/wp-content\/uploads\/2022\/06\/Logo-EGU-Internet-1024x171.png\" alt=\"\" class=\"wp-image-3746\" width=\"840\" height=\"140\" srcset=\"https:\/\/www.blau-weiss-meer.de\/wordpress\/wp-content\/uploads\/2022\/06\/Logo-EGU-Internet-1024x171.png 1024w, https:\/\/www.blau-weiss-meer.de\/wordpress\/wp-content\/uploads\/2022\/06\/Logo-EGU-Internet-300x50.png 300w, https:\/\/www.blau-weiss-meer.de\/wordpress\/wp-content\/uploads\/2022\/06\/Logo-EGU-Internet-768x129.png 768w, https:\/\/www.blau-weiss-meer.de\/wordpress\/wp-content\/uploads\/2022\/06\/Logo-EGU-Internet.png 1392w\" sizes=\"auto, (max-width: 840px) 100vw, 840px\" \/><\/a><\/figure>\n\n\n\n<p><br><\/p>\n\n\n\n<figure class=\"wp-block-image size-large\"><a href=\"https:\/\/www.blau-weiss-meer.de\/wordpress\/wp-content\/uploads\/2022\/06\/MatchpointMG010622-scaled.jpg\"><img loading=\"lazy\" decoding=\"async\" width=\"1024\" height=\"328\" src=\"https:\/\/www.blau-weiss-meer.de\/wordpress\/wp-content\/uploads\/2022\/06\/MatchpointMG010622-1024x328.jpg\" alt=\"\" class=\"wp-image-3750\" srcset=\"https:\/\/www.blau-weiss-meer.de\/wordpress\/wp-content\/uploads\/2022\/06\/MatchpointMG010622-1024x328.jpg 1024w, https:\/\/www.blau-weiss-meer.de\/wordpress\/wp-content\/uploads\/2022\/06\/MatchpointMG010622-300x96.jpg 300w, https:\/\/www.blau-weiss-meer.de\/wordpress\/wp-content\/uploads\/2022\/06\/MatchpointMG010622-768x246.jpg 768w, https:\/\/www.blau-weiss-meer.de\/wordpress\/wp-content\/uploads\/2022\/06\/MatchpointMG010622-1536x492.jpg 1536w, https:\/\/www.blau-weiss-meer.de\/wordpress\/wp-content\/uploads\/2022\/06\/MatchpointMG010622-2048x656.jpg 2048w\" sizes=\"auto, (max-width: 1024px) 100vw, 1024px\" \/><\/a><\/figure>\n\n\n\n<figure class=\"wp-block-image size-full\"><a href=\"https:\/\/gadau-catering.de\/\"><img loading=\"lazy\" decoding=\"async\" width=\"1024\" height=\"659\" src=\"https:\/\/www.blau-weiss-meer.de\/wordpress\/wp-content\/uploads\/2023\/05\/a14650d5-20ea-455a-9ebf-d1411e3404d8.jpg\" alt=\"\" class=\"wp-image-4184\" srcset=\"https:\/\/www.blau-weiss-meer.de\/wordpress\/wp-content\/uploads\/2023\/05\/a14650d5-20ea-455a-9ebf-d1411e3404d8.jpg 1024w, https:\/\/www.blau-weiss-meer.de\/wordpress\/wp-content\/uploads\/2023\/05\/a14650d5-20ea-455a-9ebf-d1411e3404d8-300x193.jpg 300w, https:\/\/www.blau-weiss-meer.de\/wordpress\/wp-content\/uploads\/2023\/05\/a14650d5-20ea-455a-9ebf-d1411e3404d8-768x494.jpg 768w\" sizes=\"auto, (max-width: 1024px) 100vw, 1024px\" \/><\/a><\/figure>\n\n\n\n<figure class=\"wp-block-image size-large\"><a href=\"https:\/\/www.yogaheimat.de\/\"><img loading=\"lazy\" decoding=\"async\" width=\"1024\" height=\"196\" src=\"https:\/\/www.blau-weiss-meer.de\/wordpress\/wp-content\/uploads\/2023\/05\/Yoga-Heimat-1024x196.webp\" alt=\"\" class=\"wp-image-4187\" srcset=\"https:\/\/www.blau-weiss-meer.de\/wordpress\/wp-content\/uploads\/2023\/05\/Yoga-Heimat-1024x196.webp 1024w, https:\/\/www.blau-weiss-meer.de\/wordpress\/wp-content\/uploads\/2023\/05\/Yoga-Heimat-300x58.webp 300w, https:\/\/www.blau-weiss-meer.de\/wordpress\/wp-content\/uploads\/2023\/05\/Yoga-Heimat-768x147.webp 768w, https:\/\/www.blau-weiss-meer.de\/wordpress\/wp-content\/uploads\/2023\/05\/Yoga-Heimat.webp 1200w\" sizes=\"auto, (max-width: 1024px) 100vw, 1024px\" \/><\/a><\/figure>\n\n\n\n<figure class=\"wp-block-image size-large\"><a href=\"https:\/\/www.speisebaron.de\/webseite\/5b18596b1783840015d78410\/speisekarte\" target=\"_blank\" rel=\"https:\/\/maps.app.goo.gl\/xnmFDrLnbkL2G7ju8?g_st=ic noopener\"><img loading=\"lazy\" decoding=\"async\" width=\"1024\" height=\"577\" src=\"https:\/\/www.blau-weiss-meer.de\/wordpress\/wp-content\/uploads\/2023\/08\/46cc8297-a62b-4abb-a050-7bc92ea8e723-1024x577.jpeg\" alt=\"\" class=\"wp-image-4479\" srcset=\"https:\/\/www.blau-weiss-meer.de\/wordpress\/wp-content\/uploads\/2023\/08\/46cc8297-a62b-4abb-a050-7bc92ea8e723-1024x577.jpeg 1024w, https:\/\/www.blau-weiss-meer.de\/wordpress\/wp-content\/uploads\/2023\/08\/46cc8297-a62b-4abb-a050-7bc92ea8e723-300x169.jpeg 300w, https:\/\/www.blau-weiss-meer.de\/wordpress\/wp-content\/uploads\/2023\/08\/46cc8297-a62b-4abb-a050-7bc92ea8e723-768x432.jpeg 768w, https:\/\/www.blau-weiss-meer.de\/wordpress\/wp-content\/uploads\/2023\/08\/46cc8297-a62b-4abb-a050-7bc92ea8e723-1536x865.jpeg 1536w, https:\/\/www.blau-weiss-meer.de\/wordpress\/wp-content\/uploads\/2023\/08\/46cc8297-a62b-4abb-a050-7bc92ea8e723-1140x641.jpeg 1140w, https:\/\/www.blau-weiss-meer.de\/wordpress\/wp-content\/uploads\/2023\/08\/46cc8297-a62b-4abb-a050-7bc92ea8e723-720x405.jpeg 720w, https:\/\/www.blau-weiss-meer.de\/wordpress\/wp-content\/uploads\/2023\/08\/46cc8297-a62b-4abb-a050-7bc92ea8e723.jpeg 1600w\" sizes=\"auto, (max-width: 1024px) 100vw, 1024px\" \/><\/a><\/figure>\n\n\n\n<figure class=\"wp-block-image size-large is-resized\"><a href=\"https:\/\/www.blau-weiss-meer.de\/wordpress\/wp-content\/uploads\/2023\/08\/2b18d435-b033-4ddc-abee-de843ed50621.jpeg\"><img loading=\"lazy\" decoding=\"async\" src=\"https:\/\/www.blau-weiss-meer.de\/wordpress\/wp-content\/uploads\/2023\/08\/2b18d435-b033-4ddc-abee-de843ed50621-1024x577.jpeg\" alt=\"\" class=\"wp-image-4485\" width=\"374\" height=\"210\" srcset=\"https:\/\/www.blau-weiss-meer.de\/wordpress\/wp-content\/uploads\/2023\/08\/2b18d435-b033-4ddc-abee-de843ed50621-1024x577.jpeg 1024w, https:\/\/www.blau-weiss-meer.de\/wordpress\/wp-content\/uploads\/2023\/08\/2b18d435-b033-4ddc-abee-de843ed50621-300x169.jpeg 300w, https:\/\/www.blau-weiss-meer.de\/wordpress\/wp-content\/uploads\/2023\/08\/2b18d435-b033-4ddc-abee-de843ed50621-768x432.jpeg 768w, https:\/\/www.blau-weiss-meer.de\/wordpress\/wp-content\/uploads\/2023\/08\/2b18d435-b033-4ddc-abee-de843ed50621-1536x865.jpeg 1536w, https:\/\/www.blau-weiss-meer.de\/wordpress\/wp-content\/uploads\/2023\/08\/2b18d435-b033-4ddc-abee-de843ed50621-1140x641.jpeg 1140w, https:\/\/www.blau-weiss-meer.de\/wordpress\/wp-content\/uploads\/2023\/08\/2b18d435-b033-4ddc-abee-de843ed50621-720x405.jpeg 720w, https:\/\/www.blau-weiss-meer.de\/wordpress\/wp-content\/uploads\/2023\/08\/2b18d435-b033-4ddc-abee-de843ed50621.jpeg 1600w\" sizes=\"auto, (max-width: 374px) 100vw, 374px\" \/><\/a><\/figure>\n\n\n\n<figure class=\"wp-block-image size-large is-resized\"><a href=\"https:\/\/www.blau-weiss-meer.de\/wordpress\/wp-content\/uploads\/2023\/08\/544fbc51-161a-4c88-bb01-0995e30dda9b.jpeg\"><img loading=\"lazy\" decoding=\"async\" src=\"https:\/\/www.blau-weiss-meer.de\/wordpress\/wp-content\/uploads\/2023\/08\/544fbc51-161a-4c88-bb01-0995e30dda9b-1024x577.jpeg\" alt=\"\" class=\"wp-image-4487\" width=\"377\" height=\"212\" srcset=\"https:\/\/www.blau-weiss-meer.de\/wordpress\/wp-content\/uploads\/2023\/08\/544fbc51-161a-4c88-bb01-0995e30dda9b-1024x577.jpeg 1024w, https:\/\/www.blau-weiss-meer.de\/wordpress\/wp-content\/uploads\/2023\/08\/544fbc51-161a-4c88-bb01-0995e30dda9b-300x169.jpeg 300w, https:\/\/www.blau-weiss-meer.de\/wordpress\/wp-content\/uploads\/2023\/08\/544fbc51-161a-4c88-bb01-0995e30dda9b-768x432.jpeg 768w, https:\/\/www.blau-weiss-meer.de\/wordpress\/wp-content\/uploads\/2023\/08\/544fbc51-161a-4c88-bb01-0995e30dda9b-1536x865.jpeg 1536w, https:\/\/www.blau-weiss-meer.de\/wordpress\/wp-content\/uploads\/2023\/08\/544fbc51-161a-4c88-bb01-0995e30dda9b-1140x641.jpeg 1140w, https:\/\/www.blau-weiss-meer.de\/wordpress\/wp-content\/uploads\/2023\/08\/544fbc51-161a-4c88-bb01-0995e30dda9b-720x405.jpeg 720w, https:\/\/www.blau-weiss-meer.de\/wordpress\/wp-content\/uploads\/2023\/08\/544fbc51-161a-4c88-bb01-0995e30dda9b.jpeg 2048w\" sizes=\"auto, (max-width: 377px) 100vw, 377px\" \/><\/a><\/figure>\n\n\n\n<figure class=\"wp-block-image size-full\"><a href=\"https:\/\/maps.app.goo.gl\/F9Piqa485diBdU5n6?g_st=ic\"><img loading=\"lazy\" decoding=\"async\" width=\"899\" height=\"506\" src=\"https:\/\/www.blau-weiss-meer.de\/wordpress\/wp-content\/uploads\/2023\/08\/4496470f-e3f6-44a0-95ed-63568b93d796.jpeg\" alt=\"\" class=\"wp-image-4490\" srcset=\"https:\/\/www.blau-weiss-meer.de\/wordpress\/wp-content\/uploads\/2023\/08\/4496470f-e3f6-44a0-95ed-63568b93d796.jpeg 899w, https:\/\/www.blau-weiss-meer.de\/wordpress\/wp-content\/uploads\/2023\/08\/4496470f-e3f6-44a0-95ed-63568b93d796-300x169.jpeg 300w, https:\/\/www.blau-weiss-meer.de\/wordpress\/wp-content\/uploads\/2023\/08\/4496470f-e3f6-44a0-95ed-63568b93d796-768x432.jpeg 768w, https:\/\/www.blau-weiss-meer.de\/wordpress\/wp-content\/uploads\/2023\/08\/4496470f-e3f6-44a0-95ed-63568b93d796-720x405.jpeg 720w\" sizes=\"auto, (max-width: 899px) 100vw, 899px\" \/><\/a><\/figure>\n","protected":false},"excerpt":{"rendered":"<p>Hier finden Sie all unsere Sponsoren:<\/p>\n","protected":false},"author":10,"featured_media":0,"parent":0,"menu_order":0,"comment_status":"closed","ping_status":"closed","template":"","meta":{"footnotes":""},"class_list":["post-3648","page","type-page","status-publish","hentry"],"jetpack-related-posts":[{"id":42,"url":"https:\/\/www.blau-weiss-meer.de\/wordpress\/die-anlage\/","url_meta":{"origin":3648,"position":0},"title":"Die Anlage","author":"Klaus Hardt","date":"26. November 2014","format":false,"excerpt":"Unsere Anlage finden Sie im Zentrum von M\u00f6nchengladbach, im Schnittpunkt der Stadtteile Westend und Dahl. Anfahrtskizze Unsere sportlichen Aktivit\u00e4ten finden auf f\u00fcnf Pl\u00e4tzen statt. Damit sind Wartezeiten die absolute Ausnahme.","rel":"","context":"\u00c4hnlicher Beitrag","block_context":{"text":"\u00c4hnlicher Beitrag","link":""},"img":{"alt_text":"Anlage","src":"https:\/\/i0.wp.com\/www.blau-weiss-meer.de\/wordpress\/wp-content\/uploads\/2015\/04\/Anlage-1024x768.jpg?resize=350%2C200","width":350,"height":200},"classes":[]},{"id":118,"url":"https:\/\/www.blau-weiss-meer.de\/wordpress\/beispiel-seite\/tennisschule\/","url_meta":{"origin":3648,"position":1},"title":"Tennisschule","author":"Klaus Hardt","date":"24. Januar 2015","format":false,"excerpt":"Unser Verein hat eine eigene Tennisschule unter der Leitung von Migo Spenst! Hier finden Sie das Formular mit dem Sie sich f\u00fcr das Sommer-Training ab dem 13.04.26 - 16.10.26 schriftlich anmelden k\u00f6nnen: anmeldungSommer2026Herunterladen N\u00e4here Informationen zu unserem staatlich gepr\u00fcften Tennislehrer, Pr\u00e4ventionscoach und DTB-C Trainer\u00a0 finden Sie unter: http:\/\/www.tennis-lehrer.com Migo SpenstMaasweg\u2026","rel":"","context":"\u00c4hnlicher Beitrag","block_context":{"text":"\u00c4hnlicher Beitrag","link":""},"img":{"alt_text":"","src":"https:\/\/i0.wp.com\/www.blau-weiss-meer.de\/wordpress\/wp-content\/uploads\/2022\/08\/migo2022.jpg?resize=350%2C200&ssl=1","width":350,"height":200,"srcset":"https:\/\/i0.wp.com\/www.blau-weiss-meer.de\/wordpress\/wp-content\/uploads\/2022\/08\/migo2022.jpg?resize=350%2C200&ssl=1 1x, https:\/\/i0.wp.com\/www.blau-weiss-meer.de\/wordpress\/wp-content\/uploads\/2022\/08\/migo2022.jpg?resize=525%2C300&ssl=1 1.5x, https:\/\/i0.wp.com\/www.blau-weiss-meer.de\/wordpress\/wp-content\/uploads\/2022\/08\/migo2022.jpg?resize=700%2C400&ssl=1 2x, https:\/\/i0.wp.com\/www.blau-weiss-meer.de\/wordpress\/wp-content\/uploads\/2022\/08\/migo2022.jpg?resize=1050%2C600&ssl=1 3x, https:\/\/i0.wp.com\/www.blau-weiss-meer.de\/wordpress\/wp-content\/uploads\/2022\/08\/migo2022.jpg?resize=1400%2C800&ssl=1 4x"},"classes":[]},{"id":126,"url":"https:\/\/www.blau-weiss-meer.de\/wordpress\/die-anlage\/die-plaetze\/","url_meta":{"origin":3648,"position":2},"title":"Die Pl\u00e4tze","author":"Klaus Hardt","date":"24. Januar 2015","format":false,"excerpt":"Die Neuen Pl\u00e4tze 3 - 5 Auf f\u00fcnf Pl\u00e4tzen finden unsere sportlichen Aktivit\u00e4ten statt. Wartezeiten sind die absolute Ausnahme. Die Pl\u00e4tze 1 und 2 vor der neuen Zentrale der SMS Group.","rel":"","context":"\u00c4hnlicher Beitrag","block_context":{"text":"\u00c4hnlicher Beitrag","link":""},"img":{"alt_text":"","src":"https:\/\/i0.wp.com\/www.blau-weiss-meer.de\/wordpress\/wp-content\/uploads\/2024\/03\/20230730_102331-scaled.jpg?resize=350%2C200&ssl=1","width":350,"height":200,"srcset":"https:\/\/i0.wp.com\/www.blau-weiss-meer.de\/wordpress\/wp-content\/uploads\/2024\/03\/20230730_102331-scaled.jpg?resize=350%2C200&ssl=1 1x, https:\/\/i0.wp.com\/www.blau-weiss-meer.de\/wordpress\/wp-content\/uploads\/2024\/03\/20230730_102331-scaled.jpg?resize=525%2C300&ssl=1 1.5x, https:\/\/i0.wp.com\/www.blau-weiss-meer.de\/wordpress\/wp-content\/uploads\/2024\/03\/20230730_102331-scaled.jpg?resize=700%2C400&ssl=1 2x, https:\/\/i0.wp.com\/www.blau-weiss-meer.de\/wordpress\/wp-content\/uploads\/2024\/03\/20230730_102331-scaled.jpg?resize=1050%2C600&ssl=1 3x, https:\/\/i0.wp.com\/www.blau-weiss-meer.de\/wordpress\/wp-content\/uploads\/2024\/03\/20230730_102331-scaled.jpg?resize=1400%2C800&ssl=1 4x"},"classes":[]},{"id":124,"url":"https:\/\/www.blau-weiss-meer.de\/wordpress\/links\/","url_meta":{"origin":3648,"position":3},"title":"Links","author":"Klaus Hardt","date":"24. Januar 2015","format":false,"excerpt":"Seite des TVN (Tennisverband Niederrhein) (Nr. unseres Vereins beim TVN : 1051) SMS Group Rechtlicher Hinweis Externe Links Links zu den Webseiten Dritter im Rahmen unserer Website verweisen auf fremde Inhalte. Sie sind keine Angebote von Blau-Weiss Meer. Wir betonen ausdr\u00fccklich, dass Blau-Weiss Meer weder technisch noch tats\u00e4chlich Einfluss auf\u2026","rel":"","context":"\u00c4hnlicher Beitrag","block_context":{"text":"\u00c4hnlicher Beitrag","link":""},"img":{"alt_text":"","src":"","width":0,"height":0},"classes":[]},{"id":3963,"url":"https:\/\/www.blau-weiss-meer.de\/wordpress\/offener-spieltreff-jeden-sonntag\/","url_meta":{"origin":3648,"position":4},"title":"offener Spieltreff &#8211; jeden Sonntag","author":"Migo","date":"8. August 2022","format":false,"excerpt":"hiermit m\u00f6chte ich Euch im Namen des Vorstands zum \"Offenen Spieltreff\" herzlich einladen. In der Zeit vom 07. August bis zum 25.September 2022 werden wir jeden Sonntag ab 11.00 Uhr einen offenen Spieltreff stattfinden lassen. Dieser Spieltreff\u00a0ist neu und wir m\u00f6chten mit Euch allen, den neuen Mitgliedern so die M\u00f6glichkeit\u2026","rel":"","context":"\u00c4hnlicher Beitrag","block_context":{"text":"\u00c4hnlicher Beitrag","link":""},"img":{"alt_text":"","src":"https:\/\/i0.wp.com\/www.blau-weiss-meer.de\/wordpress\/wp-content\/uploads\/2022\/08\/bwmeergesellschaft-logo-bl.png?resize=350%2C200&ssl=1","width":350,"height":200},"classes":[]},{"id":478,"url":"https:\/\/www.blau-weiss-meer.de\/wordpress\/jugend\/veranstaltungen-im-jugendbereich\/","url_meta":{"origin":3648,"position":5},"title":"Veranstaltungen im Jugendbereich","author":"Klaus Hardt","date":"16. Juni 2015","format":false,"excerpt":"Am\u00a009.07.17 findet wieder unsere Endrunde der Pausenlige von der Montessorischule von 11.00 bis 13.00 Uhr statt. Alle Mitglieder sind herzlich eingeladen. \u00a0","rel":"","context":"\u00c4hnlicher Beitrag","block_context":{"text":"\u00c4hnlicher Beitrag","link":""},"img":{"alt_text":"","src":"","width":0,"height":0},"classes":[]}],"jetpack_sharing_enabled":true,"jetpack_likes_enabled":true,"_links":{"self":[{"href":"https:\/\/www.blau-weiss-meer.de\/wordpress\/wp-json\/wp\/v2\/pages\/3648","targetHints":{"allow":["GET"]}}],"collection":[{"href":"https:\/\/www.blau-weiss-meer.de\/wordpress\/wp-json\/wp\/v2\/pages"}],"about":[{"href":"https:\/\/www.blau-weiss-meer.de\/wordpress\/wp-json\/wp\/v2\/types\/page"}],"author":[{"embeddable":true,"href":"https:\/\/www.blau-weiss-meer.de\/wordpress\/wp-json\/wp\/v2\/users\/10"}],"replies":[{"embeddable":true,"href":"https:\/\/www.blau-weiss-meer.de\/wordpress\/wp-json\/wp\/v2\/comments?post=3648"}],"version-history":[{"count":15,"href":"https:\/\/www.blau-weiss-meer.de\/wordpress\/wp-json\/wp\/v2\/pages\/3648\/revisions"}],"predecessor-version":[{"id":4491,"href":"https:\/\/www.blau-weiss-meer.de\/wordpress\/wp-json\/wp\/v2\/pages\/3648\/revisions\/4491"}],"wp:attachment":[{"href":"https:\/\/www.blau-weiss-meer.de\/wordpress\/wp-json\/wp\/v2\/media?parent=3648"}],"curies":[{"name":"wp","href":"https:\/\/api.w.org\/{rel}","templated":true}]}}